 (-212)/8 + (10/4)/5. Let g be k/(-8) + (-3)/(-4). Suppose 19 + g = x. List the prime factors of x.
23
Let r(y) = -y**3 + 93*y**2 + 51*y - 228. What are the prime factors of r(90)?
2, 3, 17, 281
Suppose -6 = v - 2*b, 19 = -0*v - 4*v + 3*b. Let l(q) = 29*q**2 + 3*q + 39. What are the prime factors of l(v)?
491
Suppose -6*c - 10 + 136 = 0. Let s be c/6*28/49. List the prime factors of -2 + s + (-2 + 1)*-73.
73
Let k(d) = 4*d + 16. Let i = -14 + 10. Let p be k(i). List the prime factors of (4 - (p + 2))*15.
2, 3, 5
Let m(q) = 31*q + 47. Let t be m(-2). List the prime factors of t/30 - 2958/(-4).
739
Let z = -91 - -51. Let c = z - -94. Let p = c + -30. List the prime factors of p.
2, 3
Let g(k) be the first derivative of 651*k**4/2 - k**3/3 + 7*k**2/2 - 5*k - 190. List the prime factors of g(1).
1303
Suppose 0 = 2*u + 3*b - 21, 0 = 4*u - 4*b - 12. Suppose -u*q - 50 = 406. Let h = -9 - q. List the prime factors of h.
67
Suppose 5*i - 5*k = -6*k - 3472, 2*i = 4*k - 1380. Let n = -17 - i. List the prime factors of n.
677
Suppose 4*k - 2*q - 2*q = 10968, 0 = 4*k + 5*q - 10932. List the prime factors of k.
2, 37
Let m(z) = 25*z**2 - 31*z - 137. What are the prime factors of m(6)?
577
Suppose 592*n - 101773 = 585*n. What are the prime factors of n?
7, 31, 67
Let c(r) = -r**2 + 5*r - 1. Let x be c(3). Suppose 2*u - 3*b = 1259, -x*b = u - 4*u + 1888. List the prime factors of u.
631
Suppose 3*a - 36188 = 2*m + 12453, -28 = 4*m. List the prime factors of a.
3, 1801
Suppose -4*s + 7 + 2 = 5*x, 2*s + 2*x - 6 = 0. Suppose -5*a - 597 = -3*v, 0 = 2*a - 0*a + s. Let i = v + -111. What are the prime factors of i?
83
Suppose -436287 = -56*k + 322783 - 118654. What are the prime factors of k?
2, 3, 953
Suppose -2*l + 10 = -7*l. Let g(p) = 5*p + 3. Let m be g(l). List the prime factors of (-2 - m/(7/44)) + 4.
2, 23
Let c be -2*(-6)/(-16)*304/(-114). Suppose 4*q + 1616 = c*t, -4*q = -t + 1301 - 495. List the prime factors of t.
2, 3, 5
Let l(w) = -9*w - 42. Let i be l(-2). What are the prime factors of -1*(-701 + i/(-4))?
5, 139
Suppose 22 = 3*m + t, -2*m + 4*t + 0 = 4. Let i be 9 - (m - 4) - -1. Suppose 6*g = i*g - 20. List the prime factors of g.
2, 5
Let d = 46 + -46. Suppose 76 - 30 = -k - 2*c, d = -4*k + 3*c - 129. What are the prime factors of k*((-2)/(-8) + 350/(-120))?
2, 3
Let q = 33887 + -11155. What are the prime factors of q?
2, 5683
Let n(d) = -2*d + 4. Let a(w) = -w**2 + 18*w + 20. Let b be a(19). Let m be n(b). Suppose 2*l = -5*s + 137, m - 3 = s. What are the prime factors of l?
71
Suppose 3*z = 12, 27*z - 22592 = -4*v + 28*z. What are the prime factors of v?
3, 7, 269
Suppose 3*s + 4*x = 99891, -33*s = -32*s + 2*x - 33295. List the prime factors of s.
33301
List the prime factors of (-1014)/((-13)/2366*7).
2, 3, 13
Let y = 279 + -602. Let o = 897 + y. What are the prime factors of o?
2, 7, 41
Let i = 91 + -49. Let d = i - 46. Let q(k) = k**2 + 6*k + 15. What are the prime factors of q(d)?
7
Let u be (-1)/((1 - -1 - 0)/14). Let l(n) = n**3 + 15*n**2 + 15*n + 4. What are the prime factors of l(u)?
3, 97
Suppose -5*k - 20 = -3*q - 72, -5*k - q + 36 = 0. Suppose -k*t + 630 = t. What are the prime factors of t?
2, 5, 7
Let o = 43262 + -23749. What are the prime factors of o?
13, 19, 79
Let o(r) = 2*r + 2. Let x be o(2). Let h(i) = -3*i**2 - 26*i + 12. Let z be h(-8). Suppose 4*s = x*s - z. List the prime factors of s.
2, 7
What are the prime factors of (79782/4)/((-15)/(-6)) - (-112)/140?
79, 101
Suppose -155*n - 385 = -166*n. What are the prime factors of ((-180)/n)/(8/(-308))?
2, 3, 11
Let s = 74 + -70. Suppose -6*n + 4*n = s. Let r(u) = -25*u - 1. What are the prime factors of r(n)?
7
Let h(m) = -4*m - 7*m + 6*m - 17. Let p be h(-4). Suppose -5*g + 3*x = -972, -p*g + 572 = 2*x - x. List the prime factors of g.
2, 3
Let o be 8/52 + 74/26. Suppose -o + 0 = y - b, -b + 3 = y. Suppose y = 3*p - 138 + 12. What are the prime factors of p?
2, 3, 7
Suppose 0 = -5*t - 2*w + 3345, 3*w = -6*t + 9*t - 1986. Let k = 2033 - t. What are the prime factors of k?
2, 683
Let d(p) = -p**2 - 2*p - 162. Let i(n) = n. Let a(c) = -d(c) + 6*i(c). What are the prime factors of a(-31)?
5, 7
Let k = 65 - 43. Suppose -5*m - 18 = -o, 2*m - 22 = 3*o + 6*m. List the prime factors of (-4)/22 + (o - (-2468)/k).
2, 5, 11
Let c = -369 - -374. Suppose -c*s + 2*j = -525 + 38, -1 = j. List the prime factors of s.
97
Let p be -3*7/(-7)*(-1)/(-1). Suppose g = p*i + 734, -2*g - 2*i = -1363 - 121. What are the prime factors of g?
2, 5, 37
Suppose -3*y = -g - 4, -5*y + 3*y - 4 = g. Let v be 63 + (y + -2)*1. Let s = 186 - v. What are the prime factors of s?
5
Let g(z) = 4*z**2 + 18*z - 61. Let w be g(-22). Suppose -2*a + 2*s = a - 1479, -3*a + w = 5*s. What are the prime factors of a?
17, 29
Suppose -5*c = -2*i - 16068 - 7970, -4*c + 19227 = -5*i. What are the prime factors of c?
2, 601
Let c(n) = -78*n**3 + n + 1. Let q be c(-1). Suppose -q*m + 97*m = 29469. What are the prime factors of m?
3, 11, 47
Suppose 34651 = 16*y - 119817 - 59324. What are the prime factors of y?
2, 3, 17, 131
Let c(t) = -t**2 - 2*t + 7. Let p be c(-3). Suppose 5*n + 4*k - 875 = 0, p*k = 2*n + 2*k - 368. What are the prime factors of n?
179
Let h(n) = -5*n + 29. Let t be h(5). Suppose 5*f = -10, -r - t*f - 1304 = -4*r. List the prime factors of r.
2, 3
Let t be (-2)/6 - (2305/15 - 2). Let d = t - -448. List the prime factors of d.
2, 37
Suppose 0 = -2*d - 3*c + 3349, -7366 + 661 = -4*d + c. Suppose -3*g + d = -712. What are the prime factors of g?
2, 199
Let n(g) = -g**2 + g - 1. Let o(x) = -x**2 + 5*x - 104. Let m = -45 - -44. Let i(v) = m*o(v) + 2*n(v). List the prime factors of i(0).
2, 3, 17
Let m(x) = 59*x**2 + 61*x + 493. List the prime factors of m(-21).
23, 1097
Let g be -1 - -21*1*37. Suppose -121*x + 938 = -272. Suppose 2106 = x*n + g. What are the prime factors of n?
7, 19
Suppose 25*n - 12 = 23*n - 5*a, 0 = -3*n - 4*a + 18. What are the prime factors of (1245/n)/((-6)/(-12))?
5, 83
Suppose -2*o + 20 = 26. List the prime factors of (o - -4)*(4 + (292 - -7)).
3, 101
Suppose 4*j + 13 = -2*n - 5, 3*n - 5*j = 17. Let f be 114/152*(n - (-1 - 4)). Suppose 2*h = v + v + 18, f*v = 12. List the prime factors of h.
13
Let h(u) be the third derivative of 137*u**4/24 + 4*u**3/3 + 533*u**2. Let g = 1 + 0. What are the prime factors of h(g)?
5, 29
Let k(c) = -12*c + 4. Let o(y) = -y**2 - 13*y + 3. Let n(w) = 3*k(w) - 2*o(w). Let f be n(5). What are the prime factors of 3762/54 + 2/f?
2, 5, 7
Suppose j - 11 = -10*j. Let i(s) = 3*s**2 - 4*s + 7. Let p(v) = v**2 + 2. Let b(u) = j*i(u) + 5*p(u). List the prime factors of b(4).
3, 43
Suppose 3*x = 5*l + 10175, 3*l - 4*l - 10183 = -3*x. List the prime factors of 1/(6/x) - 120/144.
5, 113
What are the prime factors of (-175)/(-70)*(176868/20 + 5)?
11, 2011
Suppose 0 = 6*w + 14810 - 45343 - 35593. List the prime factors of w.
103, 107
Suppose 28*i - 32*i = -j - 9594, 5*j = -i + 2388. What are the prime factors of i?
2, 11, 109
Let p = -15 - -17. Suppose 4*w - 14 = k, -p*w - 7 = -5*k - 23. Suppose -56 = -5*x + w*x. What are the prime factors of x?
2, 7
Let p(t) = 10478*t**3 - 7*t**2 - 6*t + 4. List the prime factors of p(1).
19, 29
Suppose 5*u = s - 2240, -2*s = -s - 2*u - 2240. Suppose 0 = 4*k + 4*w + 1792, 3*w = -0*k + 5*k + s. Let b = k - -688. List the prime factors of b.
2, 3, 5
Let b = 30 + 31. Let t = b + -53. What are the prime factors of (t/24)/(1/435)?
5, 29
Let r be (3*2/15)/(2/10). Let f be 9*4/24*r. List the prime factors of (44 - 12/(-4)) + f.
2, 5
Let u(i) = -8*i - 36. Let j be u(-6). Let x = -62 - -72. Suppose -x*y - 332 = -j*y. What are the prime factors of y?
2, 83
Let y(l) = 2785*l**2 + 28*l - 45. List the prime factors of y(2).
3, 7, 59
Let q be (-5)/(-1)*(6 + (-266)/35). Let w be (1 + 20/q)*-2 + 2. Suppose 2*k - 23 - 583 = -4*j, -w*k = 3*j - 465. What are the prime factors of j?
2, 3, 5
Let w(s) = -s**2 - 14*s + 4. Let d be w(-14). Suppose 0 = -3*x - 3, -368 = -3*v - 0*v - d*x. Let q = v + 122. List the prime factors of q.
2, 3, 41
Let p(x) = -30*x - 63. Suppose -76 = 3*w - 28. List the prime factors of p(w).
3, 139
What are the prime factors of 11/(-55)*2138*55/(-2)?
11, 1069
Let o(l) = 27*l**2 + 12*l + 17. Let m be o(7). Let x be (-22)/198 + m/18. List th